{"id":570,"date":"2020-03-16T13:14:57","date_gmt":"2020-03-16T12:14:57","guid":{"rendered":"https:\/\/moulis-equestre.fr\/?page_id=570"},"modified":"2020-06-17T22:29:11","modified_gmt":"2020-06-17T20:29:11","slug":"barn","status":"publish","type":"page","link":"https:\/\/moulis-equestre.fr\/?page_id=570","title":{"rendered":"Barn"},"content":{"rendered":"<p>[vc_row][vc_column][vc_column_text]<\/p>\n<p style=\"text-align: center;\"><span style=\"color: #facca2;\"><strong><br \/>\nLe barn est un b\u00e2timent \u00e9questre comprenant deux rang\u00e9es de boxes s\u00e9par\u00e9es d&#8217;un couloir central et pouvant \u00e9galement accueillir une sellerie, un espace de stockage ou une douche pour chevaux.<br \/>\nChaque structure est fabriqu\u00e9e en France, avec la plus grande rigueur par l\u2019\u00e9quipe sp\u00e9cialis\u00e9e de notre atelier situ\u00e9 dans le Tarn.<br \/>\nLes structures (barreaux pleins, cadres, verrous, lames de bois ou r\u00e9sine\u2026) sont calcul\u00e9es et test\u00e9es pour ne pas se d\u00e9former et r\u00e9sister aux sollicitations intensives du cheval, lui garantissant une s\u00e9curit\u00e9 maximale.<br \/>\n<\/strong><\/span><\/p>\n<p>[\/vc_column_text][vc_empty_space height=&#8221;100px&#8221;][\/vc_column][\/vc_row][vc_row][vc_column width=&#8221;1\/3&#8243;][vc_column_text]<\/p>\n<h1 style=\"color: #facca2;\">BARN DROIT<\/h1>\n<p>[\/vc_column_text][vc_single_image image=&#8221;616&#8243; img_size=&#8221;full&#8221;][\/vc_column][vc_column width=&#8221;1\/3&#8243;][vc_column_text]<\/p>\n<p style=\"text-align: center;\"><span style=\"color: #facca2;\">Nos barns sont r\u00e9alis\u00e9s sur mesure et font l&#8217;objet d&#8217;une \u00e9tude sp\u00e9cifique en fonction du site d&#8217;implantation. Fabriqu\u00e9s sur ossature m\u00e9tallique galvanis\u00e9e, ce sont des b\u00e2timents pr\u00e9vus pour durer dans le temps.<\/span><\/p>\n<p style=\"text-align: center;\"><span style=\"color: #facca2;\">Nous fabriquons deux types de barns : les barns sur portique m\u00e9tallique avec charpente en poutrelle ou les barns dit autoporteurs sur ossature galvanis\u00e9e avec charpente en treillis.<br \/>\n<\/span><\/p>\n<p style=\"text-align: center;\"><span style=\"color: #facca2;\"><br \/>\nGr\u00e2ce \u00e0 son large couloir central, les options sont nombreuses \u00e0 son int\u00e9rieur : s\u00e9parations coulissantes, sorties directes sur paddocks, double portail, &#8230;<br \/>\nPlusieurs types de couverture sont possibles (bac acier, fibro-ciment Eternit) et de confort en terme de luminosit\u00e9 (fa\u00eeti\u00e8re translucide, imposte translucide) ou de ventilation (imposte ouvrant, filets brise-vent, \u2026).<\/span><\/p>\n<p>[\/vc_column_text][\/vc_column][vc_column width=&#8221;1\/3&#8243;][vc_column_text]<\/p>\n<div class=\"foogallery foogallery-container foogallery-image-viewer foogallery-link-image foogallery-lightbox-foobox fg-center fg-image-viewer fg-light fg-border-thin fg-shadow-outline fg-loading-default fg-loaded-fade-in fg-hover-scale fg-caption-hover fg-hover-fade fg-hover-zoom fg-ready\" id=\"foogallery-gallery-485\" data-foogallery=\"{&quot;item&quot;:{&quot;showCaptionTitle&quot;:true,&quot;showCaptionDescription&quot;:true},&quot;lazy&quot;:true,&quot;src&quot;:&quot;data-src-fg&quot;,&quot;srcset&quot;:&quot;data-srcset-fg&quot;,&quot;template&quot;:{&quot;loop&quot;:true}}\" data-fg-common-fields=\"1\" >\r\n\t<div class=\"fiv-inner\">\r\n\t\t<div class=\"fiv-inner-container\">\r\n\t\t\t<div class=\"fg-item\"><figure class=\"fg-item-inner\"><a href=\"https:\/\/moulis-equestre.fr\/wp-content\/uploads\/2020\/02\/Barn-6x9-Pialoux-2.jpg\" data-attachment-id=\"886\" class=\"fg-thumb\"><span class=\"fg-image-wrap\"><img width=\"640\" height=\"360\" data-src-fg=\"https:\/\/moulis-equestre.fr\/wp-content\/uploads\/cache\/2020\/02\/Barn-6x9-Pialoux-2\/4177229138.jpg\" class=\"fg-image\" \/><\/span><\/a><figcaption class=\"fg-caption\"><div class=\"fg-caption-inner\"><\/div><\/figcaption><\/figure><div class=\"fg-loader\"><\/div><\/div><div class=\"fg-item\"><figure class=\"fg-item-inner\"><a href=\"https:\/\/moulis-equestre.fr\/wp-content\/uploads\/2020\/02\/Barn-25x9-3.jpg\" data-attachment-id=\"887\" class=\"fg-thumb\"><span class=\"fg-image-wrap\"><img width=\"640\" height=\"360\" data-src-fg=\"https:\/\/moulis-equestre.fr\/wp-content\/uploads\/cache\/2020\/02\/Barn-25x9-3\/1233218368.jpg\" class=\"fg-image\" \/><\/span><\/a><figcaption class=\"fg-caption\"><div class=\"fg-caption-inner\"><\/div><\/figcaption><\/figure><div class=\"fg-loader\"><\/div><\/div><div class=\"fg-item\"><figure class=\"fg-item-inner\"><a href=\"https:\/\/moulis-equestre.fr\/wp-content\/uploads\/2020\/04\/DSC05280.jpg\" data-attachment-id=\"844\" class=\"fg-thumb\"><span class=\"fg-image-wrap\"><img width=\"640\" height=\"360\" data-src-fg=\"https:\/\/moulis-equestre.fr\/wp-content\/uploads\/cache\/2020\/04\/DSC05280\/3559071833.jpg\" class=\"fg-image\" \/><\/span><\/a><figcaption class=\"fg-caption\"><div class=\"fg-caption-inner\"><\/div><\/figcaption><\/figure><div class=\"fg-loader\"><\/div><\/div><div class=\"fg-item\"><figure class=\"fg-item-inner\"><a href=\"https:\/\/moulis-equestre.fr\/wp-content\/uploads\/2020\/03\/realisation_centre_concours_81.png\" data-attachment-id=\"683\" class=\"fg-thumb\"><span class=\"fg-image-wrap\"><img width=\"640\" height=\"360\" data-src-fg=\"https:\/\/moulis-equestre.fr\/wp-content\/uploads\/2020\/03\/realisation_centre_concours_81.png\" class=\"fg-image\" \/><\/span><\/a><figcaption class=\"fg-caption\"><div class=\"fg-caption-inner\"><\/div><\/figcaption><\/figure><div class=\"fg-loader\"><\/div><\/div><div class=\"fg-item\"><figure class=\"fg-item-inner\"><a href=\"https:\/\/moulis-equestre.fr\/wp-content\/uploads\/2020\/02\/photo-box-2.jpg\" data-attachment-id=\"621\" class=\"fg-thumb\"><span class=\"fg-image-wrap\"><img width=\"640\" height=\"360\" data-src-fg=\"https:\/\/moulis-equestre.fr\/wp-content\/uploads\/cache\/2020\/02\/photo-box-2\/3430930006.jpg\" class=\"fg-image\" \/><\/span><\/a><figcaption class=\"fg-caption\"><div class=\"fg-caption-inner\"><\/div><\/figcaption><\/figure><div class=\"fg-loader\"><\/div><\/div><div class=\"fg-item\"><figure class=\"fg-item-inner\"><a href=\"https:\/\/moulis-equestre.fr\/wp-content\/uploads\/2020\/02\/0dae5e8f-517d-4c0e-aaf8-a416d21350a9.jpg\" data-attachment-id=\"1208\" class=\"fg-thumb\"><span class=\"fg-image-wrap\"><img width=\"640\" height=\"360\" data-src-fg=\"https:\/\/moulis-equestre.fr\/wp-content\/uploads\/cache\/2020\/02\/0dae5e8f-517d-4c0e-aaf8-a416d21350a9\/3751157353.jpg\" class=\"fg-image\" \/><\/span><\/a><figcaption class=\"fg-caption\"><div class=\"fg-caption-inner\"><\/div><\/figcaption><\/figure><div class=\"fg-loader\"><\/div><\/div><div class=\"fg-item\"><figure class=\"fg-item-inner\"><a href=\"https:\/\/moulis-equestre.fr\/wp-content\/uploads\/2020\/02\/comp-2.jpg\" data-attachment-id=\"1400\" class=\"fg-thumb\"><span class=\"fg-image-wrap\"><img width=\"640\" height=\"360\" data-src-fg=\"https:\/\/moulis-equestre.fr\/wp-content\/uploads\/2020\/02\/comp-2.jpg\" class=\"fg-image\" \/><\/span><\/a><figcaption class=\"fg-caption\"><div class=\"fg-caption-inner\"><\/div><\/figcaption><\/figure><div class=\"fg-loader\"><\/div><\/div><div class=\"fg-item\"><figure class=\"fg-item-inner\"><a href=\"https:\/\/moulis-equestre.fr\/wp-content\/uploads\/2020\/02\/comp-3.jpg\" data-attachment-id=\"1401\" class=\"fg-thumb\"><span class=\"fg-image-wrap\"><img width=\"640\" height=\"360\" data-src-fg=\"https:\/\/moulis-equestre.fr\/wp-content\/uploads\/2020\/02\/comp-3.jpg\" class=\"fg-image\" \/><\/span><\/a><figcaption class=\"fg-caption\"><div class=\"fg-caption-inner\"><\/div><\/figcaption><\/figure><div class=\"fg-loader\"><\/div><\/div><div class=\"fg-item\"><figure class=\"fg-item-inner\"><a href=\"https:\/\/moulis-equestre.fr\/wp-content\/uploads\/2020\/02\/comp-4.jpg\" data-attachment-id=\"1402\" class=\"fg-thumb\"><span class=\"fg-image-wrap\"><img width=\"640\" height=\"360\" data-src-fg=\"https:\/\/moulis-equestre.fr\/wp-content\/uploads\/2020\/02\/comp-4.jpg\" class=\"fg-image\" \/><\/span><\/a><figcaption class=\"fg-caption\"><div class=\"fg-caption-inner\"><\/div><\/figcaption><\/figure><div class=\"fg-loader\"><\/div><\/div><div class=\"fg-item\"><figure class=\"fg-item-inner\"><a href=\"https:\/\/moulis-equestre.fr\/wp-content\/uploads\/2020\/02\/comp-5.jpg\" data-attachment-id=\"1403\" class=\"fg-thumb\"><span class=\"fg-image-wrap\"><img width=\"640\" height=\"360\" data-src-fg=\"https:\/\/moulis-equestre.fr\/wp-content\/uploads\/2020\/02\/comp-5.jpg\" class=\"fg-image\" \/><\/span><\/a><figcaption class=\"fg-caption\"><div class=\"fg-caption-inner\"><\/div><\/figcaption><\/figure><div class=\"fg-loader\"><\/div><\/div><div class=\"fg-item\"><figure class=\"fg-item-inner\"><a href=\"https:\/\/moulis-equestre.fr\/wp-content\/uploads\/2020\/02\/comp.jpg\" data-attachment-id=\"1404\" class=\"fg-thumb\"><span class=\"fg-image-wrap\"><img width=\"640\" height=\"360\" data-src-fg=\"https:\/\/moulis-equestre.fr\/wp-content\/uploads\/2020\/02\/comp.jpg\" class=\"fg-image\" \/><\/span><\/a><figcaption class=\"fg-caption\"><div class=\"fg-caption-inner\"><\/div><\/figcaption><\/figure><div class=\"fg-loader\"><\/div><\/div><div class=\"fg-item\"><figure class=\"fg-item-inner\"><a href=\"https:\/\/moulis-equestre.fr\/wp-content\/uploads\/2020\/02\/compressee.jpeg\" data-attachment-id=\"1405\" class=\"fg-thumb\"><span class=\"fg-image-wrap\"><img width=\"640\" height=\"360\" data-src-fg=\"https:\/\/moulis-equestre.fr\/wp-content\/uploads\/2020\/02\/compressee.jpeg\" class=\"fg-image\" \/><\/span><\/a><figcaption class=\"fg-caption\"><div class=\"fg-caption-inner\"><\/div><\/figcaption><\/figure><div class=\"fg-loader\"><\/div><\/div>\t\t<\/div>\r\n\t\t<div class=\"fiv-ctrls\">\r\n\t\t\t<div class=\"fiv-prev\"><span>Pr\u00e9c<\/span><\/div>\r\n\t\t\t<label class=\"fiv-count\"><span class=\"fiv-count-current\">1<\/span>de<span class=\"fiv-count-total\">12<\/span><\/label>\r\n\t\t\t<div class=\"fiv-next\"><span>Suiv.<\/span><\/div>\r\n\t\t<\/div>\r\n\t<\/div>\r\n<\/div>\n<p>[\/vc_column_text][\/vc_column][vc_column][vc_empty_space height=&#8221;150px&#8221;][\/vc_column][\/vc_row][vc_row][vc_column width=&#8221;1\/4&#8243;][vc_column_text]<\/p>\n<h1><strong style=\"color: #facca2;\">BARN CIRCULAIRE<br \/>\n<\/strong><\/h1>\n<p>[\/vc_column_text][vc_single_image image=&#8221;690&#8243; img_size=&#8221;full&#8221;][\/vc_column][vc_column width=&#8221;1\/2&#8243;][vc_column_text el_class=&#8221;p1&#8243;]<\/p>\n<p style=\"text-align: center;\"><span style=\"color: #facca2;\">Le Barn Circulaire est con\u00e7u, \u00e9tudi\u00e9 et fabriqu\u00e9 par Moulis Equestre.<\/span><\/p>\n<p style=\"text-align: center;\"><span style=\"color: #facca2;\">L&#8217;ensemble de la gamme de fa\u00e7ades de boxes peut \u00eatre install\u00e9e selon le style souhait\u00e9.<\/span><\/p>\n<p style=\"text-align: center;\"><span style=\"color: #facca2;\">Le montage est r\u00e9alis\u00e9 par les \u00e9quipes de Moulis Equestre.<\/span><\/p>\n<p style=\"text-align: center;\"><span style=\"color: #facca2;\">Le Barn circulaire renouvelle l&#8217;espace int\u00e9rieur des \u00e9curies.<\/span><\/p>\n<p style=\"text-align: center;\"><span style=\"color: #facca2;\">Il propose des perspectives contemporaines et harmonieuses et de nouveaux angles de vue pour le cheval et son cavalier.<\/span><\/p>\n<p style=\"text-align: center;\"><span style=\"color: #facca2;\">Les boxes permettent \u00e0 chaque cheval un \u00e9change avec l&#8217;ensemble des autres chevaux de l&#8217;\u00e9curie.<\/span><\/p>\n<p style=\"text-align: center;\"><span style=\"color: #facca2;\">L&#8217;espace est le ma\u00eetre mot du Barn Circulaire, aussi bien l&#8217;espace int\u00e9rieur que l&#8217;espace ext\u00e9rieur : chaque boxe pouvant \u00eatre ouvert sur un paddock s&#8217;\u00e9largissant vers le pr\u00e9.<\/span><\/p>\n<p style=\"text-align: center;\"><span style=\"color: #facca2;\">Coupl\u00e9 en bout d&#8217;un barn classique, le Barn Circulaire offre aux chevaux de prestige un \u00e9crin de bien-\u00eatre et un espace de pr\u00e9sentation couvert pour les cavaliers et les propri\u00e9taires.<\/span><\/p>\n<p>[\/vc_column_text][\/vc_column][vc_column width=&#8221;1\/4&#8243;][vc_column_text]<\/p>\n<div class=\"foogallery foogallery-container foogallery-image-viewer foogallery-link-image foogallery-lightbox-foobox fg-center fg-image-viewer fg-light fg-border-thin fg-shadow-outline fg-loading-default fg-loaded-fade-in fg-caption-hover fg-hover-fade fg-hover-zoom fg-ready\" id=\"foogallery-gallery-702\" data-foogallery=\"{&quot;item&quot;:{&quot;showCaptionTitle&quot;:true,&quot;showCaptionDescription&quot;:true},&quot;lazy&quot;:true,&quot;src&quot;:&quot;data-src-fg&quot;,&quot;srcset&quot;:&quot;data-srcset-fg&quot;,&quot;template&quot;:{&quot;loop&quot;:true}}\" data-fg-common-fields=\"1\" >\r\n\t<div class=\"fiv-inner\">\r\n\t\t<div class=\"fiv-inner-container\">\r\n\t\t\t<div class=\"fg-item\"><figure class=\"fg-item-inner\"><a href=\"https:\/\/moulis-equestre.fr\/wp-content\/uploads\/2020\/01\/IMG_9896-scaled.jpg\" data-attachment-id=\"352\" class=\"fg-thumb\"><span class=\"fg-image-wrap\"><img width=\"640\" height=\"360\" data-src-fg=\"https:\/\/moulis-equestre.fr\/wp-content\/uploads\/cache\/2020\/01\/IMG_9896-scaled\/1062257441.jpg\" class=\"fg-image\" \/><\/span><\/a><figcaption class=\"fg-caption\"><div class=\"fg-caption-inner\"><\/div><\/figcaption><\/figure><div class=\"fg-loader\"><\/div><\/div><div class=\"fg-item\"><figure class=\"fg-item-inner\"><a href=\"https:\/\/moulis-equestre.fr\/wp-content\/uploads\/2020\/01\/13-scaled.jpg\" data-attachment-id=\"351\" class=\"fg-thumb\"><span class=\"fg-image-wrap\"><img width=\"640\" height=\"360\" data-src-fg=\"https:\/\/moulis-equestre.fr\/wp-content\/uploads\/cache\/2020\/01\/13-scaled\/2907877888.jpg\" class=\"fg-image\" \/><\/span><\/a><figcaption class=\"fg-caption\"><div class=\"fg-caption-inner\"><\/div><\/figcaption><\/figure><div class=\"fg-loader\"><\/div><\/div><div class=\"fg-item\"><figure class=\"fg-item-inner\"><a href=\"https:\/\/moulis-equestre.fr\/wp-content\/uploads\/2020\/01\/11-scaled.jpg\" data-attachment-id=\"350\" class=\"fg-thumb\"><span class=\"fg-image-wrap\"><img width=\"640\" height=\"360\" data-src-fg=\"https:\/\/moulis-equestre.fr\/wp-content\/uploads\/cache\/2020\/01\/11-scaled\/2104889689.jpg\" class=\"fg-image\" \/><\/span><\/a><figcaption class=\"fg-caption\"><div class=\"fg-caption-inner\"><\/div><\/figcaption><\/figure><div class=\"fg-loader\"><\/div><\/div><div class=\"fg-item\"><figure class=\"fg-item-inner\"><a href=\"https:\/\/moulis-equestre.fr\/wp-content\/uploads\/2020\/01\/10.jpg\" data-attachment-id=\"349\" class=\"fg-thumb\"><span class=\"fg-image-wrap\"><img width=\"640\" height=\"360\" data-src-fg=\"https:\/\/moulis-equestre.fr\/wp-content\/uploads\/cache\/2020\/01\/10\/3729309614.jpg\" class=\"fg-image\" \/><\/span><\/a><figcaption class=\"fg-caption\"><div class=\"fg-caption-inner\"><\/div><\/figcaption><\/figure><div class=\"fg-loader\"><\/div><\/div><div class=\"fg-item\"><figure class=\"fg-item-inner\"><a href=\"https:\/\/moulis-equestre.fr\/wp-content\/uploads\/2020\/01\/9-3.jpg\" data-attachment-id=\"348\" class=\"fg-thumb\"><span class=\"fg-image-wrap\"><img width=\"640\" height=\"360\" data-src-fg=\"https:\/\/moulis-equestre.fr\/wp-content\/uploads\/cache\/2020\/01\/9-3\/1906776741.jpg\" class=\"fg-image\" \/><\/span><\/a><figcaption class=\"fg-caption\"><div class=\"fg-caption-inner\"><\/div><\/figcaption><\/figure><div class=\"fg-loader\"><\/div><\/div><div class=\"fg-item\"><figure class=\"fg-item-inner\"><a href=\"https:\/\/moulis-equestre.fr\/wp-content\/uploads\/2020\/01\/8-barn-circulaire-scaled.jpg\" data-attachment-id=\"347\" class=\"fg-thumb\"><span class=\"fg-image-wrap\"><img width=\"640\" height=\"360\" data-src-fg=\"https:\/\/moulis-equestre.fr\/wp-content\/uploads\/cache\/2020\/01\/8-barn-circulaire-scaled\/3414468591.jpg\" class=\"fg-image\" \/><\/span><\/a><figcaption class=\"fg-caption\"><div class=\"fg-caption-inner\"><\/div><\/figcaption><\/figure><div class=\"fg-loader\"><\/div><\/div><div class=\"fg-item\"><figure class=\"fg-item-inner\"><a href=\"https:\/\/moulis-equestre.fr\/wp-content\/uploads\/2020\/01\/7-3.jpg\" data-attachment-id=\"346\" class=\"fg-thumb\"><span class=\"fg-image-wrap\"><img width=\"640\" height=\"360\" data-src-fg=\"https:\/\/moulis-equestre.fr\/wp-content\/uploads\/cache\/2020\/01\/7-3\/4139413012.jpg\" class=\"fg-image\" \/><\/span><\/a><figcaption class=\"fg-caption\"><div class=\"fg-caption-inner\"><\/div><\/figcaption><\/figure><div class=\"fg-loader\"><\/div><\/div><div class=\"fg-item\"><figure class=\"fg-item-inner\"><a href=\"https:\/\/moulis-equestre.fr\/wp-content\/uploads\/2020\/01\/2-2-scaled.jpg\" data-attachment-id=\"344\" class=\"fg-thumb\"><span class=\"fg-image-wrap\"><img width=\"640\" height=\"360\" data-src-fg=\"https:\/\/moulis-equestre.fr\/wp-content\/uploads\/cache\/2020\/01\/2-2-scaled\/895348917.jpg\" class=\"fg-image\" \/><\/span><\/a><figcaption class=\"fg-caption\"><div class=\"fg-caption-inner\"><\/div><\/figcaption><\/figure><div class=\"fg-loader\"><\/div><\/div><div class=\"fg-item\"><figure class=\"fg-item-inner\"><a href=\"https:\/\/moulis-equestre.fr\/wp-content\/uploads\/2020\/04\/barn-final.24.png\" data-attachment-id=\"1440\" class=\"fg-thumb\"><span class=\"fg-image-wrap\"><img width=\"640\" height=\"360\" data-src-fg=\"https:\/\/moulis-equestre.fr\/wp-content\/uploads\/cache\/2020\/04\/barn-final_24\/4293060860.png\" class=\"fg-image\" \/><\/span><\/a><figcaption class=\"fg-caption\"><div class=\"fg-caption-inner\"><\/div><\/figcaption><\/figure><div class=\"fg-loader\"><\/div><\/div><div class=\"fg-item\"><figure class=\"fg-item-inner\"><a href=\"https:\/\/moulis-equestre.fr\/wp-content\/uploads\/2020\/04\/barn-final.25.png\" data-attachment-id=\"1441\" class=\"fg-thumb\"><span class=\"fg-image-wrap\"><img width=\"640\" height=\"360\" data-src-fg=\"https:\/\/moulis-equestre.fr\/wp-content\/uploads\/cache\/2020\/04\/barn-final_25\/1576828656.png\" class=\"fg-image\" \/><\/span><\/a><figcaption class=\"fg-caption\"><div class=\"fg-caption-inner\"><\/div><\/figcaption><\/figure><div class=\"fg-loader\"><\/div><\/div>\t\t<\/div>\r\n\t\t<div class=\"fiv-ctrls\">\r\n\t\t\t<div class=\"fiv-prev\"><span>Pr\u00e9c<\/span><\/div>\r\n\t\t\t<label class=\"fiv-count\"><span class=\"fiv-count-current\">1<\/span>de<span class=\"fiv-count-total\">10<\/span><\/label>\r\n\t\t\t<div class=\"fiv-next\"><span>Suiv.<\/span><\/div>\r\n\t\t<\/div>\r\n\t<\/div>\r\n<\/div>\n<p>[\/vc_column_text][\/vc_column][\/vc_row][vc_row][vc_column][vc_btn title=&#8221;NOUS CONTACTER&#8221; style=&#8221;modern&#8221; shape=&#8221;rounded&#8221; color=&#8221;orange&#8221; size=&#8221;xl&#8221; align=&#8221;center&#8221; link=&#8221;url:https%3A%2F%2Fmoulis-equestre.fr%2F%23contactus|title:Nous%20contacter||&#8221;][\/vc_column][\/vc_row]<\/p>\n","protected":false},"excerpt":{"rendered":"<p>[vc_row][vc_column][vc_column_text] Le barn est un b\u00e2timent \u00e9questre comprenant deux rang\u00e9es de boxes s\u00e9par\u00e9es d&#8217;un couloir central et pouvant \u00e9galement accueillir une sellerie, un espace de stockage ou une douche pour chevaux. Chaque structure est fabriqu\u00e9e en France, avec la plus grande rigueur par l\u2019\u00e9quipe sp\u00e9cialis\u00e9e de notre atelier situ\u00e9 dans le Tarn. Les structures (barreaux [&hellip;]<\/p>\n","protected":false},"author":4,"featured_media":0,"parent":258,"menu_order":0,"comment_status":"closed","ping_status":"closed","template":"","meta":{"_monsterinsights_skip_tracking":false,"_monsterinsights_sitenote_active":false,"_monsterinsights_sitenote_note":"","_monsterinsights_sitenote_category":0,"footnotes":""},"class_list":["post-570","page","type-page","status-publish","hentry"],"yoast_head":"<!-- This site is optimized with the Yoast SEO plugin v17.7.1 - https:\/\/yoast.com\/wordpress\/plugins\/seo\/ -->\n<title>Barn - Moulis Equestre<\/title>\n<meta name=\"robots\" content=\"index, follow, max-snippet:-1, max-image-preview:large, max-video-preview:-1\" \/>\n<link rel=\"canonical\" href=\"https:\/\/moulis-equestre.fr\/?page_id=570\" \/>\n<meta property=\"og:locale\" content=\"fr_FR\" \/>\n<meta property=\"og:type\" content=\"article\" \/>\n<meta property=\"og:title\" content=\"Barn - Moulis Equestre\" \/>\n<meta property=\"og:description\" content=\"[vc_row][vc_column][vc_column_text] Le barn est un b\u00e2timent \u00e9questre comprenant deux rang\u00e9es de boxes s\u00e9par\u00e9es d&#8217;un couloir central et pouvant \u00e9galement accueillir une sellerie, un espace de stockage ou une douche pour chevaux. Chaque structure est fabriqu\u00e9e en France, avec la plus grande rigueur par l\u2019\u00e9quipe sp\u00e9cialis\u00e9e de notre atelier situ\u00e9 dans le Tarn. Les structures (barreaux [&hellip;]\" \/>\n<meta property=\"og:url\" content=\"https:\/\/moulis-equestre.fr\/?page_id=570\" \/>\n<meta property=\"og:site_name\" content=\"Moulis Equestre\" \/>\n<meta property=\"article:modified_time\" content=\"2020-06-17T20:29:11+00:00\" \/>\n<meta name=\"twitter:card\" content=\"summary_large_image\" \/>\n<meta name=\"twitter:label1\" content=\"Dur\u00e9e de lecture estim\u00e9e\" \/>\n\t<meta name=\"twitter:data1\" content=\"3 minutes\" \/>\n<script type=\"application\/ld+json\" class=\"yoast-schema-graph\">{\"@context\":\"https:\/\/schema.org\",\"@graph\":[{\"@type\":\"WebSite\",\"@id\":\"https:\/\/moulis-equestre.fr\/#website\",\"url\":\"https:\/\/moulis-equestre.fr\/\",\"name\":\"Moulis Equestre\",\"description\":\"\",\"potentialAction\":[{\"@type\":\"SearchAction\",\"target\":{\"@type\":\"EntryPoint\",\"urlTemplate\":\"https:\/\/moulis-equestre.fr\/?s={search_term_string}\"},\"query-input\":\"required name=search_term_string\"}],\"inLanguage\":\"fr-FR\"},{\"@type\":\"WebPage\",\"@id\":\"https:\/\/moulis-equestre.fr\/?page_id=570#webpage\",\"url\":\"https:\/\/moulis-equestre.fr\/?page_id=570\",\"name\":\"Barn - Moulis Equestre\",\"isPartOf\":{\"@id\":\"https:\/\/moulis-equestre.fr\/#website\"},\"datePublished\":\"2020-03-16T12:14:57+00:00\",\"dateModified\":\"2020-06-17T20:29:11+00:00\",\"breadcrumb\":{\"@id\":\"https:\/\/moulis-equestre.fr\/?page_id=570#breadcrumb\"},\"inLanguage\":\"fr-FR\",\"potentialAction\":[{\"@type\":\"ReadAction\",\"target\":[\"https:\/\/moulis-equestre.fr\/?page_id=570\"]}]},{\"@type\":\"BreadcrumbList\",\"@id\":\"https:\/\/moulis-equestre.fr\/?page_id=570#breadcrumb\",\"itemListElement\":[{\"@type\":\"ListItem\",\"position\":1,\"name\":\"Accueil\",\"item\":\"https:\/\/moulis-equestre.fr\/\"},{\"@type\":\"ListItem\",\"position\":2,\"name\":\"Produits\",\"item\":\"https:\/\/moulis-equestre.fr\/?page_id=258\"},{\"@type\":\"ListItem\",\"position\":3,\"name\":\"Barn\"}]}]}<\/script>\n<!-- \/ Yoast SEO plugin. -->","yoast_head_json":{"title":"Barn - Moulis Equestre","robots":{"index":"index","follow":"follow","max-snippet":"max-snippet:-1","max-image-preview":"max-image-preview:large","max-video-preview":"max-video-preview:-1"},"canonical":"https:\/\/moulis-equestre.fr\/?page_id=570","og_locale":"fr_FR","og_type":"article","og_title":"Barn - Moulis Equestre","og_description":"[vc_row][vc_column][vc_column_text] Le barn est un b\u00e2timent \u00e9questre comprenant deux rang\u00e9es de boxes s\u00e9par\u00e9es d&#8217;un couloir central et pouvant \u00e9galement accueillir une sellerie, un espace de stockage ou une douche pour chevaux. Chaque structure est fabriqu\u00e9e en France, avec la plus grande rigueur par l\u2019\u00e9quipe sp\u00e9cialis\u00e9e de notre atelier situ\u00e9 dans le Tarn. Les structures (barreaux [&hellip;]","og_url":"https:\/\/moulis-equestre.fr\/?page_id=570","og_site_name":"Moulis Equestre","article_modified_time":"2020-06-17T20:29:11+00:00","twitter_card":"summary_large_image","twitter_misc":{"Dur\u00e9e de lecture estim\u00e9e":"3 minutes"},"schema":{"@context":"https:\/\/schema.org","@graph":[{"@type":"WebSite","@id":"https:\/\/moulis-equestre.fr\/#website","url":"https:\/\/moulis-equestre.fr\/","name":"Moulis Equestre","description":"","potentialAction":[{"@type":"SearchAction","target":{"@type":"EntryPoint","urlTemplate":"https:\/\/moulis-equestre.fr\/?s={search_term_string}"},"query-input":"required name=search_term_string"}],"inLanguage":"fr-FR"},{"@type":"WebPage","@id":"https:\/\/moulis-equestre.fr\/?page_id=570#webpage","url":"https:\/\/moulis-equestre.fr\/?page_id=570","name":"Barn - Moulis Equestre","isPartOf":{"@id":"https:\/\/moulis-equestre.fr\/#website"},"datePublished":"2020-03-16T12:14:57+00:00","dateModified":"2020-06-17T20:29:11+00:00","breadcrumb":{"@id":"https:\/\/moulis-equestre.fr\/?page_id=570#breadcrumb"},"inLanguage":"fr-FR","potentialAction":[{"@type":"ReadAction","target":["https:\/\/moulis-equestre.fr\/?page_id=570"]}]},{"@type":"BreadcrumbList","@id":"https:\/\/moulis-equestre.fr\/?page_id=570#breadcrumb","itemListElement":[{"@type":"ListItem","position":1,"name":"Accueil","item":"https:\/\/moulis-equestre.fr\/"},{"@type":"ListItem","position":2,"name":"Produits","item":"https:\/\/moulis-equestre.fr\/?page_id=258"},{"@type":"ListItem","position":3,"name":"Barn"}]}]}},"_links":{"self":[{"href":"https:\/\/moulis-equestre.fr\/index.php?rest_route=\/wp\/v2\/pages\/570","targetHints":{"allow":["GET"]}}],"collection":[{"href":"https:\/\/moulis-equestre.fr\/index.php?rest_route=\/wp\/v2\/pages"}],"about":[{"href":"https:\/\/moulis-equestre.fr\/index.php?rest_route=\/wp\/v2\/types\/page"}],"author":[{"embeddable":true,"href":"https:\/\/moulis-equestre.fr\/index.php?rest_route=\/wp\/v2\/users\/4"}],"replies":[{"embeddable":true,"href":"https:\/\/moulis-equestre.fr\/index.php?rest_route=%2Fwp%2Fv2%2Fcomments&post=570"}],"version-history":[{"count":40,"href":"https:\/\/moulis-equestre.fr\/index.php?rest_route=\/wp\/v2\/pages\/570\/revisions"}],"predecessor-version":[{"id":1397,"href":"https:\/\/moulis-equestre.fr\/index.php?rest_route=\/wp\/v2\/pages\/570\/revisions\/1397"}],"up":[{"embeddable":true,"href":"https:\/\/moulis-equestre.fr\/index.php?rest_route=\/wp\/v2\/pages\/258"}],"wp:attachment":[{"href":"https:\/\/moulis-equestre.fr\/index.php?rest_route=%2Fwp%2Fv2%2Fmedia&parent=570"}],"curies":[{"name":"wp","href":"https:\/\/api.w.org\/{rel}","templated":true}]}}